factors of q.
3, 43, 97
Let w = -21 - 47. Let g = 313 + -479. Let o = w - g. What are the prime factors of o?
2, 7
Let w(g) be the second derivative of g**3/6 - g**2/2 - 21*g. Let x(l) = 26*l + 5. Let a(h) = -5*w(h) + x(h). What are the prime factors of a(4)?
2, 47
Suppose 5*v - 3*b - 210 = 0, 71 + 159 = 5*v + b. Let d be v/(-2)*2/(-3). Let x = 37 - d. What are the prime factors of x?
2, 11
Let a(p) = p + 23. Let c be a(-21). Suppose 3*b + 4 = r + 3*r, -c*b + 4*r = -4. What are the prime factors of ((-4)/(-6))/(-6*b/576)?
2
Let l(r) = -1525*r - 328. List the prime factors of l(-4).
2, 3, 13, 37
Suppose 40501 = 12*a - 93731. Suppose -3128 = 6*c - a. What are the prime factors of c?
17, 79
Let n be (-87)/29*(-59)/(-6)*-2. Let h = n + -57. Suppose 178 = h*z - 10. What are the prime factors of z?
2, 47
Suppose -6*h - 5*q + 33 = -2*h, -4*h + 2*q = 2. Suppose 3*v - 1252 = 4*f, 2*v + h*f = 87 + 743. List the prime factors of v.
2, 13
Let w = 4037 - -1045. What are the prime factors of w?
2, 3, 7, 11
Suppose -37*x + 180072 = 36*x + 91*x. List the prime factors of x.
2, 3, 61
Let p(s) = s**3 + 2*s**2 + 9. Let u be p(-3). Suppose u = 3*q - 265 - 539. List the prime factors of q.
2, 67
Suppose -1221 = 4*o + 3*h, -h = -6*o + 5*o - 300. Let j = o - -396. List the prime factors of j.
3, 31
Suppose 11*d = 16*d - 15. List the prime factors of (819/6)/(d/20).
2, 5, 7, 13
Let k(f) = -3246*f**3 + 3*f**2 - 2*f - 5. What are the prime factors of k(-1)?
2, 3, 541
What are the prime factors of ((-168)/840)/(2/(-108770))?
73, 149
List the prime factors of (29 + -2501)*(4/(-6) + 0).
2, 103
Suppose 1 = -n, -5*n + 27211 = -513*i + 517*i. List the prime factors of i.
2, 3, 7
Let y be (-10)/(-4*(-4)/(-8)). Suppose -4*n + 370 = y*r, r - 3*r = 5*n - 165. Suppose -3*x + 83 = -r. What are the prime factors of x?
3, 17
Let u be (22 - 1)/(0 + 1). Suppose 5*w - 2*w = -u. Let j = w - -137. What are the prime factors of j?
2, 5, 13
Suppose 49*c - 81105 - 14196 = 31511. What are the prime factors of c?
2, 647
Suppose 1852*z - 12078 = 1846*z. List the prime factors of z.
3, 11, 61
Let d be (0 + 15)/((-170)/20 - -10). Suppose -d*s - 11*s = -8547. What are the prime factors of s?
11, 37
List the prime factors of (-32 + 11 - -39529) + 0/2.
2, 7, 17, 83
Let p = 512 - -407. Let x = 1534 - p. List the prime factors of x.
3, 5, 41
Suppose 16 = 3*v - 17. Suppose -9*l = -v*l + 490. Suppose -3*z + 3*n + 171 = -2*n, -4*z = -n - l. What are the prime factors of z?
2, 31
Let h be (-279)/36 + 2/(-8). What are the prime factors of ((-1122)/24)/(1/h)?
2, 11, 17
Suppose 0 = -4*t - 5*o + 54096, 192*o + 40578 = 3*t + 195*o. What are the prime factors of t?
2, 67, 101
Suppose -24*b = -23*b - 13. What are the prime factors of 25405/65 - (-2)/b?
17, 23
Suppose -t - 256 = -2*m, 0 = -0*m + 5*m + 3*t - 629. Suppose 0 = -3*d + 7*d - 4*j + 144, 5*d + 3*j + 188 = 0. Let k = m - d. List the prime factors of k.
2, 41
Suppose 3 = 2*c - 1. Suppose v = -3*v + 3*q + 184, -c*v = -2*q - 92. Suppose -5*o = -221 + v. What are the prime factors of o?
5, 7
Suppose d = -5*u + 20, d - 5*u + 16 + 4 = 0. Suppose d = -4*n + 2630 - 250. What are the prime factors of n?
5, 7, 17
Suppose 87 - 222 = 27*v. Let r(i) = -92*i + 50. List the prime factors of r(v).
2, 3, 5, 17
Suppose 96*m + 174943 = 101*m + 3*b, -4*m - b + 139960 = 0. List the prime factors of m.
11, 3181
Let o = -9300 - -14887. List the prime factors of o.
37, 151
Let b = -297 - -301. Suppose -d + 161 = 5*f, -3*d - b*f - 378 = -5*d. What are the prime factors of d?
181
Let w be (-81)/(-36) + 12 - (-1)/(-4). Suppose -w*a + 6142 = -4190. What are the prime factors of a?
2, 3, 41
Let i(r) = 2*r**3 + 3. Let b be i(2). Let v = b - 12. What are the prime factors of (-3 - v)/((-6)/57)?
5, 19
Let n(u) = 503*u + 27. Let l be n(1). Let h = 1113 - l. List the prime factors of h.
11, 53
List the prime factors of 18*(-7446)/(-12) - 2.
13, 859
Let x be 1/4 - (-522)/(-8). Suppose 4*k - 3*n - 692 = 0, n - 96 = -2*k + 240. List the prime factors of 78/x*k/(-4).
3, 17
Let q = 18815 + -13227. What are the prime factors of q?
2, 11, 127
Suppose t = -4*t. Suppose t = v - 14 + 11. Suppose 6*s - 57 = v*s. What are the prime factors of s?
19
Suppose -4*t - 6*d = -8*d - 2874, 2*t + 3*d = 1433. What are the prime factors of t?
2, 359
Suppose -3*w + 8*w + 285 = 0. Let c = w - -190. Let h = 12 + c. List the prime factors of h.
5, 29
Let h(t) be the second derivative of t**4/12 + 11*t**3/6 - 11*t**2/2 + 21*t. Let a be h(-8). Let y = 156 + a. What are the prime factors of y?
11
Let b(y) = y + 54. Suppose -19*l = 19*l - 9*l. What are the prime factors of b(l)?
2, 3
Let b be (4 - 9/3) + 3. Suppose p = 4, -b*k + 3*k - p + 310 = 0. What are the prime factors of k?
2, 3, 17
Let b = 137 - 75. Let k = 125 - b. Suppose 4*d - 1 - k = 0. List the prime factors of d.
2
Let c = 144 + -141. List the prime factors of 15/c - -3*(-2524)/(-12).
2, 3, 53
Suppose -a + 9359 = -2*g, 11*g + 46750 = 5*a + 16*g. What are the prime factors of a?
47, 199
Let l(c) = 307*c**2 + 17*c + 58. Let k be l(-14). Suppose -19*z - 23911 = -k. List the prime factors of z.
3, 211
Let j be 0/((2 + -3)*2). Suppose 0 = -j*z + 5*z + t - 1034, -4*z - 3*t = -836. List the prime factors of z.
2, 103
Let y(a) = 982*a - 8226. List the prime factors of y(53).
2, 5, 7, 313
Suppose -1088 = -z + 2*g, -2*z + 1448 = 2*g - 746. List the prime factors of z.
2, 547
Let y(k) = k**3 + 5*k**2 - 9*k - 42. Let q be y(-5). Suppose q*l - 996 = 4*m + 1522, 2*l - m = 1682. What are the prime factors of l?
2, 421
Let y be ((-14)/35)/(1/(-45)). Suppose y*w - 837 = -9*w. What are the prime factors of w?
31
Let k(j) = -j**3 - j**2 + 2*j + 4. Let f be k(-2). Suppose -f*l + 9*l - 835 = 0. Suppose m + 421 = 5*a, 3*a - m = 5*a - l. List the prime factors of a.
2, 3, 7
Suppose 0 = -7*c - 109 - 66. List the prime factors of 5/c*-2 - (-1314)/15.
2, 11
Suppose -3*z + 52618 = 4*c + 5202, -4*z - 59239 = -5*c. List the prime factors of c.
7, 1693
Let d = -5025 - -16495. What are the prime factors of d?
2, 5, 31, 37
Suppose 15950 - 5269 = 22*a - 34309. List the prime factors of a.
5, 409
Suppose 121 = 7*z - 4*z + 5*c, -3*z + 4*c = -76. Let o(i) = -i**2 + 41*i + 34. What are the prime factors of o(z)?
2, 7, 23
Suppose 2*w + 191*y - 186*y - 1142 = 0, -4*y = -24. What are the prime factors of w?
2, 139
Let b = -2981 + 2977. Let y(w) be the first derivative of -w**4/4 + w**3 + 5*w**2 + 7*w - 2. List the prime factors of y(b).
79
Let u(f) = -17*f + 9*f - 35 + 0 + 316. List the prime factors of u(24).
89
Suppose 0 = -4*y + 25*y + 11718. Let x = 1103 + y. What are the prime factors of x?
5, 109
Suppose -c + 4864 = -2*r, -4*c = 5*r - 20695 + 1278. List the prime factors of c.
2, 7, 347
Let z be (-10)/30*4170/(-2). Suppose 2*f = z + 1251. Suppose -63 = -7*l + f. What are the prime factors of l?
2, 37
Suppose -967 = -8*i - 919. What are the prime factors of -6 + 19278/24 + i/8?
2, 3, 7, 19
Suppose -603 = -z - 109. Let r = -267 + z. List the prime factors of r.
227
Suppose -2*h - 5*j + 9*j = -824, -h + j = -410. Suppose -h = -37*l + 35*l. List the prime factors of l.
2, 3, 17
Let m(y) = y - 1. Let p be m(0). Let n be -1 - 0/p - -2. Suppose n = 2*c - 5*h, -h = 4*c - 2*h - 29. What are the prime factors of c?
2
Let h(o) be the second derivative of o**4/12 - o**3/3 + 6*o**2 - 125*o. Let w be 11 + (1 - -1 - 2). List the prime factors of h(w).
3, 37
Let n be 3/(6/(-1))*2. Let m be (-12)/3 + (3 - 1 - 0). What are the prime factors of (n/(-3))/(m/(-72))?
2, 3
Let n(m) = m**2 + m - 1. Let z(r) = -r**3 + 2. Let v(d) = n(d) - z(d). Let c be v(3). Suppose -5*a = c - 401. What are the prime factors of a?
73
Let t(x) = 7*x + 16. Let a(u) = -u + 1. Let h(v) = 2*a(v) - t(v). Let p = -457 + 450. List the prime factors of h(p).
7
Let z(o) = -7*o**3 - 2*o**2 + 16*o + 69. Let u be z(-6). Suppose u = 3*h + 2*f, -3*h - 1884 = -7*h + f. List the prime factors of h.
3, 157
Let w = -9653 - -13514. Suppose 2*s + w = 7*s + 3*v, -2*v - 3876 = -5*s. What are the prime factors of s?
2, 3, 43
Let s(z) = -3*z + 56. Let u be s(18). What are the prime factors of (-280)/21*-45 - (-4)/u?
2, 7, 43
Suppose 4*l = -3*n + 121624, 96*n = -2*l + 91*n + 60784. List the prime factors of l.
2, 7603
Let d = -68 + 79. Suppose 5*h 